{"id":1212,"date":"2025-03-12T20:54:07","date_gmt":"2025-03-12T19:54:07","guid":{"rendered":"https:\/\/www.energiversum.se\/?page_id=1212"},"modified":"2025-03-13T11:19:52","modified_gmt":"2025-03-13T10:19:52","slug":"biomagnetism","status":"publish","type":"page","link":"https:\/\/www.energiversum.se\/?page_id=1212","title":{"rendered":"Biomagnetism"},"content":{"rendered":"\t\t<div data-elementor-type=\"wp-page\" data-elementor-id=\"1212\" class=\"elementor elementor-1212\">\n\t\t\t\t\t\t<section class=\"elementor-section elementor-top-section elementor-element elementor-element-e04d31c elementor-section-boxed elementor-section-height-default elementor-section-height-default\" data-id=\"e04d31c\" data-element_type=\"section\">\n\t\t\t\t\t\t<div class=\"elementor-container elementor-column-gap-default\">\n\t\t\t\t\t<div class=\"elementor-column elementor-col-100 elementor-top-column elementor-element elementor-element-02d5c45\" data-id=\"02d5c45\" data-element_type=\"column\">\n\t\t\t<div class=\"elementor-widget-wrap elementor-element-populated\">\n\t\t\t\t\t\t<div class=\"elementor-element elementor-element-b7423a3 elementor-widget elementor-widget-image\" data-id=\"b7423a3\" data-element_type=\"widget\" data-widget_type=\"image.default\">\n\t\t\t\t<div class=\"elementor-widget-container\">\n\t\t\t\t\t\t\t\t\t\t\t\t\t\t\t<img fetchpriority=\"high\" decoding=\"async\" width=\"280\" height=\"198\" src=\"https:\/\/www.energiversum.se\/wp-content\/uploads\/2023\/11\/Magnetfalt.jpg\" class=\"attachment-full size-full wp-image-2278\" alt=\"\" \/>\t\t\t\t\t\t\t\t\t\t\t\t\t\t\t<\/div>\n\t\t\t\t<\/div>\n\t\t\t\t\t<\/div>\n\t\t<\/div>\n\t\t\t\t\t<\/div>\n\t\t<\/section>\n\t\t\t\t<section class=\"elementor-section elementor-top-section elementor-element elementor-element-586c989 elementor-section-boxed elementor-section-height-default elementor-section-height-default\" data-id=\"586c989\" data-element_type=\"section\">\n\t\t\t\t\t\t<div class=\"elementor-container elementor-column-gap-default\">\n\t\t\t\t\t<div class=\"elementor-column elementor-col-100 elementor-top-column elementor-element elementor-element-db3de7f\" data-id=\"db3de7f\" data-element_type=\"column\">\n\t\t\t<div class=\"elementor-widget-wrap elementor-element-populated\">\n\t\t\t\t\t\t<div class=\"elementor-element elementor-element-45e2e7a elementor-widget elementor-widget-text-editor\" data-id=\"45e2e7a\" data-element_type=\"widget\" data-widget_type=\"text-editor.default\">\n\t\t\t\t<div class=\"elementor-widget-container\">\n\t\t\t\t\t\t\t\t\t<p><strong>Biomagnetism,<\/strong> som \u00e4r en relativt ny terapiform skiljer sig fr\u00e5n magnetterapi p\u00e5 s\u00e5 s\u00e4tt att man identifierar <strong>minst tv\u00e5 samverkande omr\u00e5den<\/strong> med olika virus, bakterier och andra belastningar som samverkar och belastar kroppen. Tv\u00e5 eller fler magneter placeras p\u00e5 vardera st\u00e4llet, med olika poler mot kroppen under minst 20 minuter. Magneterna kan ha en dragstyrka fr\u00e5n n\u00e5gra hekto till \u00f6ver<strong> 20 kg.<\/strong><\/p><p>Magneterna \u00e4ndrar lokalt p\u00e5 m\u00f6jligheterna f\u00f6r patogener, bakterier, virus, svamp och parasiter, \u00a0att samverka och f\u00f6r\u00f6ka sig. Metoden hj\u00e4lper p\u00e5 s\u00e5 s\u00e4tt immunf\u00f6rsvaret att \u00e5terst\u00e4lla balansen i kroppen.<\/p><p>Normalt inga negativa biverkningar men magneter ska inte anv\u00e4ndas i n\u00e4rheten av inplantat, foster och n\u00e4r en person genomg\u00e5r cellgiftsbehandling.<\/p><p>Begreppet <b>Magnetterapi<\/b> syftar p\u00e5 att man i t.ex kinesisk medicin under l\u00e5ng tid anv\u00e4nt en magnet f\u00f6r att d\u00e4mpa sm\u00e4rta och akuta inflammationer och p\u00e5skynda l\u00e4kning, ungef\u00e4r som man anv\u00e4nder kyla resp v\u00e4rme.\u00a0<\/p>\t\t\t\t\t\t\t\t<\/div>\n\t\t\t\t<\/div>\n\t\t\t\t\t<\/div>\n\t\t<\/div>\n\t\t\t\t\t<\/div>\n\t\t<\/section>\n\t\t\t\t<\/div>\n\t\t","protected":false},"excerpt":{"rendered":"<p>Biomagnetism, som \u00e4r en relativt ny terapiform skiljer sig fr\u00e5n magnetterapi p\u00e5 s\u00e5 s\u00e4tt att man identifierar minst tv\u00e5 samverkande omr\u00e5den med olika virus, bakterier och andra belastningar som samverkar och belastar kroppen. Tv\u00e5 eller fler magneter placeras p\u00e5 vardera &hellip; <a href=\"https:\/\/www.energiversum.se\/?page_id=1212\">Forts\u00e4tt l\u00e4sa <span class=\"meta-nav\">&rarr;<\/span><\/a><\/p>\n","protected":false},"author":1,"featured_media":0,"parent":0,"menu_order":0,"comment_status":"closed","ping_status":"closed","template":"","meta":{"footnotes":""},"class_list":["post-1212","page","type-page","status-publish","hentry"],"yoast_head":"<!-- This site is optimized with the Yoast SEO plugin v24.6 - https:\/\/yoast.com\/wordpress\/plugins\/seo\/ -->\n<title>Biomagnetism - ENERGIVERSUM<\/title>\n<meta name=\"robots\" content=\"index, follow, max-snippet:-1, max-image-preview:large, max-video-preview:-1\" \/>\n<link rel=\"canonical\" href=\"https:\/\/www.energiversum.se\/?page_id=1212\" \/>\n<meta property=\"og:locale\" content=\"sv_SE\" \/>\n<meta property=\"og:type\" content=\"article\" \/>\n<meta property=\"og:title\" content=\"Biomagnetism - ENERGIVERSUM\" \/>\n<meta property=\"og:description\" content=\"Biomagnetism, som \u00e4r en relativt ny terapiform skiljer sig fr\u00e5n magnetterapi p\u00e5 s\u00e5 s\u00e4tt att man identifierar minst tv\u00e5 samverkande omr\u00e5den med olika virus, bakterier och andra belastningar som samverkar och belastar kroppen. Tv\u00e5 eller fler magneter placeras p\u00e5 vardera &hellip; Forts\u00e4tt l\u00e4sa &rarr;\" \/>\n<meta property=\"og:url\" content=\"https:\/\/www.energiversum.se\/?page_id=1212\" \/>\n<meta property=\"og:site_name\" content=\"ENERGIVERSUM\" \/>\n<meta property=\"article:publisher\" content=\"https:\/\/www.facebook.com\/hilding.eklund\" \/>\n<meta property=\"article:modified_time\" content=\"2025-03-13T10:19:52+00:00\" \/>\n<meta property=\"og:image\" content=\"https:\/\/www.energiversum.se\/wp-content\/uploads\/2023\/11\/Magnetfalt.jpg\" \/>\n\t<meta property=\"og:image:width\" content=\"280\" \/>\n\t<meta property=\"og:image:height\" content=\"198\" \/>\n\t<meta property=\"og:image:type\" content=\"image\/jpeg\" \/>\n<meta name=\"twitter:card\" content=\"summary_large_image\" \/>\n<meta name=\"twitter:label1\" content=\"Ber\u00e4knad l\u00e4stid\" \/>\n\t<meta name=\"twitter:data1\" content=\"1 minut\" \/>\n<script type=\"application\/ld+json\" class=\"yoast-schema-graph\">{\"@context\":\"https:\/\/schema.org\",\"@graph\":[{\"@type\":\"WebPage\",\"@id\":\"https:\/\/www.energiversum.se\/?page_id=1212\",\"url\":\"https:\/\/www.energiversum.se\/?page_id=1212\",\"name\":\"Biomagnetism - ENERGIVERSUM\",\"isPartOf\":{\"@id\":\"https:\/\/www.energiversum.se\/#website\"},\"primaryImageOfPage\":{\"@id\":\"https:\/\/www.energiversum.se\/?page_id=1212#primaryimage\"},\"image\":{\"@id\":\"https:\/\/www.energiversum.se\/?page_id=1212#primaryimage\"},\"thumbnailUrl\":\"https:\/\/www.energiversum.se\/wp-content\/uploads\/2023\/11\/Magnetfalt.jpg\",\"datePublished\":\"2025-03-12T19:54:07+00:00\",\"dateModified\":\"2025-03-13T10:19:52+00:00\",\"breadcrumb\":{\"@id\":\"https:\/\/www.energiversum.se\/?page_id=1212#breadcrumb\"},\"inLanguage\":\"sv-SE\",\"potentialAction\":[{\"@type\":\"ReadAction\",\"target\":[\"https:\/\/www.energiversum.se\/?page_id=1212\"]}]},{\"@type\":\"ImageObject\",\"inLanguage\":\"sv-SE\",\"@id\":\"https:\/\/www.energiversum.se\/?page_id=1212#primaryimage\",\"url\":\"https:\/\/www.energiversum.se\/wp-content\/uploads\/2023\/11\/Magnetfalt.jpg\",\"contentUrl\":\"https:\/\/www.energiversum.se\/wp-content\/uploads\/2023\/11\/Magnetfalt.jpg\",\"width\":280,\"height\":198},{\"@type\":\"BreadcrumbList\",\"@id\":\"https:\/\/www.energiversum.se\/?page_id=1212#breadcrumb\",\"itemListElement\":[{\"@type\":\"ListItem\",\"position\":1,\"name\":\"Hem\",\"item\":\"https:\/\/www.energiversum.se\/\"},{\"@type\":\"ListItem\",\"position\":2,\"name\":\"Biomagnetism\"}]},{\"@type\":\"WebSite\",\"@id\":\"https:\/\/www.energiversum.se\/#website\",\"url\":\"https:\/\/www.energiversum.se\/\",\"name\":\"energiversum\",\"description\":\"ett litet f\u00f6retag med o\u00e4ndliga m\u00e5l\",\"publisher\":{\"@id\":\"https:\/\/www.energiversum.se\/#organization\"},\"potentialAction\":[{\"@type\":\"SearchAction\",\"target\":{\"@type\":\"EntryPoint\",\"urlTemplate\":\"https:\/\/www.energiversum.se\/?s={search_term_string}\"},\"query-input\":{\"@type\":\"PropertyValueSpecification\",\"valueRequired\":true,\"valueName\":\"search_term_string\"}}],\"inLanguage\":\"sv-SE\"},{\"@type\":\"Organization\",\"@id\":\"https:\/\/www.energiversum.se\/#organization\",\"name\":\"energiversum\",\"url\":\"https:\/\/www.energiversum.se\/\",\"logo\":{\"@type\":\"ImageObject\",\"inLanguage\":\"sv-SE\",\"@id\":\"https:\/\/www.energiversum.se\/#\/schema\/logo\/image\/\",\"url\":\"https:\/\/www.energiversum.se\/wp-content\/uploads\/2023\/06\/4a28fd_d7c9fcefb24f4f8d8ad74aa78ce9caf3_mv1-2.webp\",\"contentUrl\":\"https:\/\/www.energiversum.se\/wp-content\/uploads\/2023\/06\/4a28fd_d7c9fcefb24f4f8d8ad74aa78ce9caf3_mv1-2.webp\",\"width\":222,\"height\":223,\"caption\":\"energiversum\"},\"image\":{\"@id\":\"https:\/\/www.energiversum.se\/#\/schema\/logo\/image\/\"},\"sameAs\":[\"https:\/\/www.facebook.com\/hilding.eklund\"]}]}<\/script>\n<!-- \/ Yoast SEO plugin. -->","yoast_head_json":{"title":"Biomagnetism - ENERGIVERSUM","robots":{"index":"index","follow":"follow","max-snippet":"max-snippet:-1","max-image-preview":"max-image-preview:large","max-video-preview":"max-video-preview:-1"},"canonical":"https:\/\/www.energiversum.se\/?page_id=1212","og_locale":"sv_SE","og_type":"article","og_title":"Biomagnetism - ENERGIVERSUM","og_description":"Biomagnetism, som \u00e4r en relativt ny terapiform skiljer sig fr\u00e5n magnetterapi p\u00e5 s\u00e5 s\u00e4tt att man identifierar minst tv\u00e5 samverkande omr\u00e5den med olika virus, bakterier och andra belastningar som samverkar och belastar kroppen. Tv\u00e5 eller fler magneter placeras p\u00e5 vardera &hellip; Forts\u00e4tt l\u00e4sa &rarr;","og_url":"https:\/\/www.energiversum.se\/?page_id=1212","og_site_name":"ENERGIVERSUM","article_publisher":"https:\/\/www.facebook.com\/hilding.eklund","article_modified_time":"2025-03-13T10:19:52+00:00","og_image":[{"width":280,"height":198,"url":"https:\/\/www.energiversum.se\/wp-content\/uploads\/2023\/11\/Magnetfalt.jpg","type":"image\/jpeg"}],"twitter_card":"summary_large_image","twitter_misc":{"Ber\u00e4knad l\u00e4stid":"1 minut"},"schema":{"@context":"https:\/\/schema.org","@graph":[{"@type":"WebPage","@id":"https:\/\/www.energiversum.se\/?page_id=1212","url":"https:\/\/www.energiversum.se\/?page_id=1212","name":"Biomagnetism - ENERGIVERSUM","isPartOf":{"@id":"https:\/\/www.energiversum.se\/#website"},"primaryImageOfPage":{"@id":"https:\/\/www.energiversum.se\/?page_id=1212#primaryimage"},"image":{"@id":"https:\/\/www.energiversum.se\/?page_id=1212#primaryimage"},"thumbnailUrl":"https:\/\/www.energiversum.se\/wp-content\/uploads\/2023\/11\/Magnetfalt.jpg","datePublished":"2025-03-12T19:54:07+00:00","dateModified":"2025-03-13T10:19:52+00:00","breadcrumb":{"@id":"https:\/\/www.energiversum.se\/?page_id=1212#breadcrumb"},"inLanguage":"sv-SE","potentialAction":[{"@type":"ReadAction","target":["https:\/\/www.energiversum.se\/?page_id=1212"]}]},{"@type":"ImageObject","inLanguage":"sv-SE","@id":"https:\/\/www.energiversum.se\/?page_id=1212#primaryimage","url":"https:\/\/www.energiversum.se\/wp-content\/uploads\/2023\/11\/Magnetfalt.jpg","contentUrl":"https:\/\/www.energiversum.se\/wp-content\/uploads\/2023\/11\/Magnetfalt.jpg","width":280,"height":198},{"@type":"BreadcrumbList","@id":"https:\/\/www.energiversum.se\/?page_id=1212#breadcrumb","itemListElement":[{"@type":"ListItem","position":1,"name":"Hem","item":"https:\/\/www.energiversum.se\/"},{"@type":"ListItem","position":2,"name":"Biomagnetism"}]},{"@type":"WebSite","@id":"https:\/\/www.energiversum.se\/#website","url":"https:\/\/www.energiversum.se\/","name":"energiversum","description":"ett litet f\u00f6retag med o\u00e4ndliga m\u00e5l","publisher":{"@id":"https:\/\/www.energiversum.se\/#organization"},"potentialAction":[{"@type":"SearchAction","target":{"@type":"EntryPoint","urlTemplate":"https:\/\/www.energiversum.se\/?s={search_term_string}"},"query-input":{"@type":"PropertyValueSpecification","valueRequired":true,"valueName":"search_term_string"}}],"inLanguage":"sv-SE"},{"@type":"Organization","@id":"https:\/\/www.energiversum.se\/#organization","name":"energiversum","url":"https:\/\/www.energiversum.se\/","logo":{"@type":"ImageObject","inLanguage":"sv-SE","@id":"https:\/\/www.energiversum.se\/#\/schema\/logo\/image\/","url":"https:\/\/www.energiversum.se\/wp-content\/uploads\/2023\/06\/4a28fd_d7c9fcefb24f4f8d8ad74aa78ce9caf3_mv1-2.webp","contentUrl":"https:\/\/www.energiversum.se\/wp-content\/uploads\/2023\/06\/4a28fd_d7c9fcefb24f4f8d8ad74aa78ce9caf3_mv1-2.webp","width":222,"height":223,"caption":"energiversum"},"image":{"@id":"https:\/\/www.energiversum.se\/#\/schema\/logo\/image\/"},"sameAs":["https:\/\/www.facebook.com\/hilding.eklund"]}]}},"_links":{"self":[{"href":"https:\/\/www.energiversum.se\/index.php?rest_route=\/wp\/v2\/pages\/1212","targetHints":{"allow":["GET"]}}],"collection":[{"href":"https:\/\/www.energiversum.se\/index.php?rest_route=\/wp\/v2\/pages"}],"about":[{"href":"https:\/\/www.energiversum.se\/index.php?rest_route=\/wp\/v2\/types\/page"}],"author":[{"embeddable":true,"href":"https:\/\/www.energiversum.se\/index.php?rest_route=\/wp\/v2\/users\/1"}],"replies":[{"embeddable":true,"href":"https:\/\/www.energiversum.se\/index.php?rest_route=%2Fwp%2Fv2%2Fcomments&post=1212"}],"version-history":[{"count":25,"href":"https:\/\/www.energiversum.se\/index.php?rest_route=\/wp\/v2\/pages\/1212\/revisions"}],"predecessor-version":[{"id":3195,"href":"https:\/\/www.energiversum.se\/index.php?rest_route=\/wp\/v2\/pages\/1212\/revisions\/3195"}],"wp:attachment":[{"href":"https:\/\/www.energiversum.se\/index.php?rest_route=%2Fwp%2Fv2%2Fmedia&parent=1212"}],"curies":[{"name":"wp","href":"https:\/\/api.w.org\/{rel}","templated":true}]}}